1 is divided by p.
6
Let j(o) = 6*o**2 - 4*o - 3. Let b be (1 - 6/4)*6/(-1). Suppose -u + 2*y + 61 = -47, 334 = b*u - y. Calculate the remainder when u is divided by j(-2).
25
Let p = 144 - 147. Calculate the remainder when 220 is divided by (-3)/(-9) - -1*(-134)/p.
40
Let y(g) = -g**2 + 26*g - 27. Let j be y(10). Suppose -5*r = 5*x - 161 - 54, 0 = 3*x + 4*r - j. What is the remainder when 41 is divided by x?
2
Let g be 923 + ((-24)/14 - (-8)/(-28)). Suppose -12*x + g = 165. Let v = -2 + 24. What is the remainder when x is divided by v?
19
Suppose 14*t = 12*t - 8. What is the remainder when 34 is divided by (-134 - -1)*t/28?
15
Let k = 5253 + -4806. What is the remainder when k is divided by 19?
10
Suppose 187 = 3*z - 5*m, 2*z - 2*m - 114 = -4*m. Suppose 2*u = 14*p - 9*p + 62, p = -3*u + z. What is the remainder when 56 is divided by u?
14
Let q = 23973 - 23095. What is the remainder when q is divided by 167?
43
Let v(g) be the second derivative of -g**5/20 - g**4/4 + 3*g**2/2 + g. Calculate the remainder when (32/(-64)*7)/((14/(-40))/1) is divided by v(-3).
1
Let g = 7994 - 7951. What is the remainder when 287 is divided by g?
29
Let b(f) = -f**3 - 11*f**2 - 11*f + 3. Let w be b(-10). Suppose 0 = -w*q + 8*q + 45. Calculate the remainder when 57 is divided by 272/q - (-12)/(-54).
27
What is the remainder when (1425/20)/((-1)/(-4)) is divided by -42*((-244)/56 - 14/(-4))?
33
Suppose 9*a + 92*a - 12672 = -187*a. Suppose 4*r + 173 = 1401. What is the remainder when r is divided by a?
43
Suppose 110 = -5*s + 390. Suppose -256*r + 40*r + 20952 = 0. What is the remainder when r is divided by s?
41
Suppose 1192*g - 6897 - 26479 = 0. Let x = -286 - -507. Calculate the remainder when x is divided by g.
25
Let r be -5 - (-35)/21*3. Suppose 12*t + 25 - 265 = r. Calculate the remainder when 377 is divided by t.
17
Suppose -575*w + 572*w = -2*o - 847, o - 4 = 0. What is the remainder when w is divided by 33?
21
Suppose 72*m = 75*m - 24, 3*a - m - 127 = 0. Suppose -239 = -d + 5. What is the remainder when a is divided by d/10 + 4/(-10)?
21
Let h(x) = 3*x**2 - 12*x - 33. Let k be h(14). Suppose n = -5*w + k, 29 = 3*w + 3*n - 196. Let g = 70 - 50. What is the remainder when w is divided by g?
18
Let h(d) = -6*d - 23 - 7 - 14. Let o be ((-1)/3)/(5/(-720)*-6). What is the remainder when 11 is divided by h(o)?
3
Let w = -8197 - -8250. Calculate the remainder when 946 is divided by w.
45
Suppose -17*f - 9177 = 6*f. Calculate the remainder when (-2)/(-19) + (-14721)/f is divided by 17.
3
Let c = 16552 - 16545. Calculate the remainder when 174 is divided by c.
6
Suppose 32*b + 3797 = 14773. Let r = b + -291. Calculate the remainder when r is divided by 20.
12
Suppose -4*t - 3388 = -158*t. What is the remainder when 224 is divided by t?
4
Let h(t) = 4*t - 10. Let z(m) = -8*m - 42. Let o be z(-6). Calculate the remainder when 206 is divided by h(o).
10
Suppose -3*r = -f - 7*r - 50, 2*f + 40 = 4*r. Let v = 42 + f. Suppose v = -2*o + 3*o. What is the remainder when 47 is divided by o?
11
Let p be (-6)/(-8)*40/1. Let o = p - 31. What is the remainder when 45 is divided by (-7)/((-14)/30) - (0 + o)?
13
Suppose 0 = -27*d + 20*d + 525. Let j = 60 - d. Calculate the remainder when 8/(-20) - 351/j is divided by 5.
3
Let o(s) = s**3 + 5*s**2 - 21*s - 70. Calculate the remainder when 29 is divided by o(-3).
7
What is the remainder when 2*3959 - 266/399*6/(-4) is divided by 34?
31
Suppose r - 2*t = 4*r - 38, t = -4*r + 49. Let a = 613 + -608. What is the remainder when r is divided by a?
2
Let a(i) = -8*i**3 - 22*i**2 - 68*i - 32. Calculate the remainder when a(-3) is divided by 6.
4
Let a be 20/(0 + 4/34). Calculate the remainder when 3 + 6/(12/a) is divided by (63/56)/((-4)/(-160)).
43
Let o = 3103 + -3094. What is the remainder when 388 is divided by o?
1
Let t = -5858 - -8441. What is the remainder when t is divided by 17?
16
Calculate the remainder when 199 is divided by (909/(-45))/(2/(-10)).
98
Let u = -79 - -80. Let t(o) = 109*o**2 + 22*o - 21. What is the remainder when t(u) is divided by 8?
6
Let s = -8110 - -8250. What is the remainder when 160 is divided by s?
20
Let r(p) = -148*p - 5158. Calculate the remainder when r(-46) is divided by 236.
234
Suppose 5*z = -2*j + 70, 0*j + 2*j - 3*z - 70 = 0. Let x(g) = 0 - 18 - 2 - 23*g**2 + 29*g + g**3. Calculate the remainder when x(22) is divided by j.
29
Let a(d) = -3*d**3 + 4*d**2 + 31*d + 36. What is the remainder when 648 is divided by a(-3)?
48
Suppose 22 - 141 = -7*w. Let y = w + -9. Let g(n) = n**3 - 8*n**2 + 3*n - 4. What is the remainder when 98 is divided by g(y)?
18
Suppose -3*m = 2*j + 97, 0 = 4*m - j + 4*j + 129. Let s = 98 - m. Suppose -4*k - k + s = 3*w, 2*w - 4 = 0. Calculate the remainder when 49 is divided by k.
24
Let a(b) = b**3 - 255*b**2 + 12*b - 3017. Let o = -87 + 162. Calculate the remainder when o is divided by a(255).
32
Suppose -500*m + 24540 = -16960. Calculate the remainder when m is divided by (-5)/(-2)*8 - -2.
17
Let o = -2826 - -2849. Let p be (6 - 7)*(5 + 0). Let c = 16 + p. What is the remainder when o is divided by c?
1
Suppose -5*l + 3*v + 265 = 0, 87*l - 7*v = 83*l + 212. Calculate the remainder when l is divided by 26 - (9/(-3) + 1).
25
Let m = 60543 + -60475. Suppose -2*o = 3*v - o - 7, 0 = -v - o + 1. Suppose -v*u + 42 + 0 = 0. What is the remainder when m is divided by u?
12
What is the remainder when 10 + (2 - 0) - (-460 + -4325) is divided by 32?
29
Suppose 0 = 6*a - 3*a + 2*q - 1018, -5*a + 5*q = -1730. Let j = a + -304. Calculate the remainder when 74 is divided by j.
36
Let g(t) = -3*t**2 + 4*t**2 + 5*t**2 + 2*t + 0*t**3 + t**3 + 5. Let s(o) = -o**2 + 3*o + 42. What is the remainder when s(4) is divided by g(-5)?
18
Suppose -24*u + 25*u = 0. Suppose -i + u = -1. Calculate the remainder when (-105)/(-9)*(i + 2) is divided by 20.
15
Let f(c) = -c**3 - 32*c**2 + 30*c + 3. Let z be f(-33). Let h = z - 67. Calculate the remainder when 417 is divided by h.
32
Let p = 141 + -129. Calculate the remainder when (-155)/(-5)*10 + -1 is divided by p.
9
Let j(u) = 12*u + 92. Let t be j(-8). Calculate the remainder when (30/t)/(-15)*3*46 is divided by 12.
9
Suppose 3*r - 259 = -49. Let i(k) = 15*k + 129. What is the remainder when r is divided by i(-6)?
31
What is the remainder when (-63)/84*(-23424)/18 is divided by 82?
74
Suppose -2016 = 58*q - 130*q + 51*q. What is the remainder when q is divided by 2?
0
Suppose 0 = -5*d + 3*m + 14094, 2*d - 8*m + m = 5684. Calculate the remainder when d is divided by 128.
126
Let j = -204 + 206. Suppose 3 = -n - 1. What is the remainder when (-2)/n*40/10 is divided by j?
0
Let f be (-4 + 4 + -3)*128/6. Let g = f + 81. Suppose -2*l + 25 + g = 0. Calculate the remainder when 58 is divided by l.
16
Let m(h) = 5*h - 15. Let f(v) = 5*v. Let a be f(8). Suppose -4*r - 4*r + a = 0. Calculate the remainder when 17 is divided by m(r).
7
Suppose -2*v + 12 = -4*u, 5*u + 30 = 5*v - v. Suppose v*n - 5*n = -4*w + 157, -2*n = -2*w - 52. Calculate the remainder when 84 is divided by n.
26
Let p be (-940)/18 - 34/(-153). What is the remainder when (-3)/6*p/(4 + -3) is divided by 6/12*28/1?
12
Let t be 1/(-2)*(9 + -9). Suppose t = 14*i + 4*i - 306. What is the remainder when 779 is divided by i?
14
Suppose 3*y - 970 = -310. Suppose 760 = -5*p + y. Calculate the remainder when 71 is divided by (13/39)/((-2)/p).
17
Suppose 5*y - 3*y = -4*o + 146, -2*y + 138 = -4*o. What is the remainder when 800 is divided by y?
19
Suppose 3*b = 2*g + 7*b - 4, -2*g - 2*b = -14. Suppose 3*f + 6 = 6*f. Calculate the remainder when ((-121)/(-22))/(f/16) is divided by g.
8
Let p be 5/(-1)*(-4)/10. Suppose -40*n + 714 = -23*n. What is the remainder when (5/5)/(p/162) is divided by n?
39
Let z(u) = 2*u - 9. Let o(m) = -53*m + 1275. What is the remainder when o(18) is divided by z(9)?
6
Suppose -5*f - 4*b + 28 = 0, 6 = f + 2*b - b. Suppose 3*n = q - 20, f*n + 3*q + 12 = n. Let t = 0 - n. Calculate the remainder when 21 is divided by t.
3
Suppose 2*l + 2*l = 4*o - 32, -4*o + 3*l = -29. Let x(v) = 6*v + 42. Let i be x(-6). What is the remainder when 17 + (i - 3) + -4 is divided by o?
1
What is the remainder when -1 + 1317 - -4*35/(-28) is divided by 651?
9
Let n(v) = 2*v**3 - 26*v**2 + 28*v - 209.